**2 - 11*v + 2. Calculate k(8).
42
Let p(k) = -27*k - 172. What is p(-6)?
-10
Let m(d) = d**2 + d - 3. Give m(0).
-3
Let y(q) = 2*q**2 - 3*q + 2. What is y(1)?
1
Let c(f) = -f + 23. What is c(14)?
9
Let v(i) = -5*i**3 - i**2 - 2*i + 3. Calculate v(1).
-5
Let w(h) = -h + 6. Calculate w(-5).
11
Let q(v) = -2*v + 9. Determine q(6).
-3
Let z(g) = -g**2 - 18*g - 5. Calculate z(-17).
12
Let j(s) = -s**3 - 9*s**2 - 4*s - 1. Determine j(-9).
35
Let s(i) = -15*i + 4. What is s(-5)?
79
Let k(q) = -q**3 + 69*q + 7. Determine k(0).
7
Let d(c) = 29*c - 125. Determine d(5).
20
Let y(p) = 6*p + 6. What is y(-3)?
-12
Let j(f) = -f**3 - 2*f**2 - 3*f + 13. Calculate j(-6).
175
Let f(o) = o**3 + 10*o**2 - 13*o - 14. Calculate f(-11).
8
Let i(n) = -n - 5. Determine i(0).
-5
Let b(h) = h**3 + 55*h**2 - 117*h - 173. Determine b(-57).
-2
Let w(h) = 2*h**3 + 16*h**2 + 4*h + 9. Give w(-8).
-23
Let k(v) = -v**3 + 11*v**2 - 10*v. What is k(10)?
0
Let x(z) = z**3 + z**2 - 3*z + 7. Calculate x(-3).
-2
Let d(z) = -z**3 + 6*z**2 - 4*z + 1. Give d(5).
6
Let x(r) = r**3 - 7*r**2 - 8. Give x(7).
-8
Let b(u) = -2*u**2 + 11*u - 33. What is b(2)?
-19
Let n(b) = b**2 + 9*b - 3. Give n(-10).
7
Let k(u) = -u**2 - 8*u + 1. Determine k(-8).
1
Let c(x) = x**2 - 7*x - 13. What is c(9)?
5
Let w(r) = 9*r**2 + r. Give w(-1).
8
Let i(z) = z**3 - 10*z**2 + 6*z + 10. What is i(9)?
-17
Let b(q) = -q**3 - 5*q**2 + 3*q + 22. Give b(-6).
40
Let m(u) = -6*u + 6. Give m(-6).
42
Let q(a) = a**2 + 3*a + 1. What is q(-1)?
-1
Let o(t) = t**3 + 7*t**2 + 2*t + 6. Calculate o(-7).
-8
Let r(h) = 7*h + 175. What is r(-27)?
-14
Let u(h) = h**3 + 10*h**2 - 8*h + 35. Give u(-11).
2
Let f(k) = -32*k + 7. What is f(2)?
-57
Let k(n) = -103*n - 117. What is k(-1)?
-14
Let t(i) = -2*i - 24. Determine t(-14).
4
Let d(s) = 4*s**2 + 20*s + 1. Give d(-10).
201
Let r(h) = h**3 - 15*h**2 - 36*h + 34. What is r(17)?
0
Let a(h) = h**3 + 7*h**2 + 2*h + 7. What is a(-3)?
37
Let y(l) = -3*l**2 - 20*l - 38. Calculate y(-2).
-10
Let x(r) = r + 8. Give x(-8).
0
Let d(o) = o**2 + 10*o + 14. Calculate d(-6).
-10
Let g(u) = u**3 + 5*u**2 + 10*u + 42. Determine g(-5).
-8
Let g(x) = -2*x - 83. Determine g(35).
-153
Let p(x) = 2*x**2 + 5*x - 1. What is p(-2)?
-3
Let k(q) = -q**2 + 28*q - 115. Determine k(23).
0
Let h(v) = 2*v**2 - 19*v - 1. Give h(9).
-10
Let i(h) = 8*h - 1. Calculate i(4).
31
Let m(w) = 10*w + 427. Determine m(-41).
17
Let q(j) = -j + 15. What is q(0)?
15
Let a(i) = 43*i - 475. Calculate a(11).
-2
Let p(a) = -5*a**2 - 4*a + 1. Determine p(-3).
-32
Let f(q) = q**2 - 3*q + 5. Determine f(-4).
33
Let h(t) = 2*t**2 + 4*t - 8. Determine h(-4).
8
Let q(w) = 2*w**3 - 11*w**2 - 9*w + 12. Determine q(6).
-6
Let y(b) = b**2 - 26*b + 162. What is y(13)?
-7
Let s(a) = -a**3 - 12*a**2 + a - 7. Calculate s(-12).
-19
Let s(f) = f**3 + 11*f**2 + 8*f. Calculate s(-10).
20
Let m(r) = -r**3 + 14*r**2 - 7. What is m(14)?
-7
Let c(r) = -51*r**2 - r. Determine c(1).
-52
Let o(z) = -z**2 + 11*z - 26. What is o(4)?
2
Let v(g) = -15*g + 20. Determine v(8).
-100
Let d(z) = 6*z + 38. Give d(-17).
-64
Let u(h) = h**3 + 18*h**2 + 8*h + 17. Give u(-17).
170
Let p(c) = -c**3 - 18*c**2 - 47*c - 31. What is p(-15)?
-1
Let h(w) = 33*w + 17. Calculate h(-4).
-115
Let v(b) = 6*b - 9. Calculate v(6).
27
Let i(j) = -83*j - 237. Give i(-3).
12
Let m(w) = w**3 + 6*w**2 - 2*w + 23. Determine m(-7).
-12
Let y(d) = d**2 - 19*d - 45. Give y(22).
21
Let s(b) = 14*b**3 + 3*b**2 - 3*b + 1. Calculate s(1).
15
Let z(s) = -s**2 - 5*s + 3. Determine z(-6).
-3
Let k(c) = 3*c - 22. Determine k(6).
-4
Let b(c) = c**3 - 7*c**2 + 2. What is b(7)?
2
Let f(i) = 2*i + 1. Give f(11).
23
Let k(b) = -b**3 + 8*b**2 - 5*b + 6. What is k(8)?
-34
Let k(r) = r**2 - 16*r - 13. Determine k(18).
23
Let b(q) = 3*q**2 - 4*q - 37. Calculate b(5).
18
Let j(n) = n**3 + n**2 + 1. Determine j(-3).
-17
Let v(n) = 4*n. What is v(-4)?
-16
Let m(w) = -w**2 - 25*w - 42. Determine m(-23).
4
Let h(g) = -5*g**3 - 2*g**2 + 3*g - 2. Determine h(1).
-6
Let m(n) = -5*n - 38. What is m(-7)?
-3
Let v(i) = i**3 - 7*i**2 - 18*i - 10. What is v(9)?
-10
Let y(c) = c + 7. Calculate y(-4).
3
Let h(w) = -w**2 - 10*w + 17. What is h(-7)?
38
Let k(l) = -2*l**3 + 5*l**2 + 2*l. Give k(-2).
32
Let a(c) = -c - 6. Give a(6).
-12
Let q(j) = 2*j**3 + 3*j**2 + j + 2. Determine q(-2).
-4
Let s(y) = 2*y**3 - 17*y**2 - 2*y + 11. Give s(8).
-69
Let m(k) = 6*k. Give m(3).
18
Let h(j) = 4*j**2 + 202*j + 61. Determine h(-50).
-39
Let n(a) = -7*a - 37. Calculate n(-5).
-2
Let d(a) = -a + 4. Calculate d(8).
-4
Let l(v) = -2*v**3 - v - 2. What is l(-3)?
55
Let i(b) = -6*b - 5. What is i(1)?
-11
Let a(z) = z**3 + z**2 - 2*z - 6. Determine a(-4).
-46
Let x(w) = 2*w - 35. Give x(10).
-15
Let g(h) = -2*h - 2. Determine g(-3).
4
Let m(x) = x**3 - 5*x**2 - 2*x + 6. Calculate m(5).
-4
Let q(x) = x**3 - 2*x**2 + 2*x + 2. Determine q(2).
6
Let t(r) = -r**2 + 7*r - 1. Calculate t(5).
9
Let h(a) = a**2 + 10*a - 10. Calculate h(-8).
-26
Let s(d) = 16*d + 836. What is s(-52)?
4
Let m(o) = -o**3 + 19*o**2 - 88*o + 4. What is m(7)?
-24
Let u(d) = 18*d. Determine u(-1).
-18
Let z(d) = 37*d - 265. What is z(7)?
-6
Let q(h) = h**2 - 36*h + 126. Give q(4).
-2
Let t(y) = y**3 - y**2 - y + 2. Calculate t(0).
2
Let h(o) = -o**2 - 9*o + 1. What is h(-10)?
-9
Let r(x) = -x + 55. Calculate r(15).
40
Let i(j) = 2*j**2 - 8*j + 3. What is i(5)?
13
Let r(z) = 5*z**2 - 8*z - 13. Calculate r(-2).
23
Let a(h) = -3*h + 2. Give a(-8).
26
Let i(r) = -2*r - 2. Give i(-12).
22
Let p(v) = -v**3 + 4*v**2 + 6*v - 5. What is p(5)?
0
Let o(h) = 3*h**2 - 4*h + 2. What is o(2)?
6
Let q(l) = l**3 + 13*l**2 + 13*l + 21. Determine q(-12).
9
Let a(s) = 2*s - 3. Calculate a(-6).
-15
Let m(r) = -r**3 + 13*r**2 - 17*r + 60. Determine m(12).
0
Let t(u) = -33*u - 106. What is t(-3)?
-7
Let x(r) = 6*r + 49. Give x(7).
91
Let f(j) = -19*j - 5. Determine f(-7).
128
Let g(l) = -7*l**2 - 8*l - 13. Give g(-4).
-93
Let z(o) = -o**3 + 8*o**2 + 7*o - 3. Give z(8).
53
Let g(h) = -h**3 + 3*h**2 + 50*h - 105. What is g(2)?
-1
Let l(g) = -g**3 - 14*g**2 - g - 9. What is l(-14)?
5
Let p(d) = -d**2 + 25*d - 24. What is p(24)?
0
Let v(z) = -7*z - 12. Give v(-4).
16
Let a(m) = 4*m**2 + 20*m + 5. What is a(-5)?
5
Let s(l) = -l**3 - 17*l**2 - 16*l - 5. Determine s(-16).
-5
Let l(q) = 3*q**2 + 9*q + 8. Calculate l(-3).
8
Let v(f) = 4*f**2 - 4*f - 3. Determine v(4).
45
Let v(c) = -c**2 - c + 4. Calculate v(0).
4
Let s(o) = 3*o**2 - 23*o + 26. What is s(8)?
34
Let o(m) = m**3 + 9*m**2 + 5*m - 1. Calculate o(-9).
-46
Let h(v) = 2*v + 41. What is h(-20)?
1
Let a(z) = -2*z**2 + 3*z + 4. Calculate a(-2).
-10
Let o(a) = -2*a + 16. Calculate o(17).
-18
Let g(w) = -15*w - 19. Give g(-5).
56
Let r(a) = 4*a**2 - 2*a + 1. Give r(4).
57
Let t(o) = o**2 - 7*o + 2. Determine t(6).
-4
Let v(d) = -d - 14. What is v(-6)?
-8
Let x(q) = 2*q**2 + 2*q - 7. Calculate x(-7).
77
Let s(b) = -18*b - 192. Give s(-11).
6
Let r(j) = -8*j + 139. Determine r(16).
11
Let i(b) = 6*b + 6. Calculate i(-3).
-12
Let b(s) = 5*s + 73. Determine b(-15).
-2
Let z(h) = 2*h**3 + 2*h**2 - 1. What is z(1)?
3
Let w(i) = -i**2 + 5*i - 5. Calculate w(8).
-29
Let a(r) = r**3 - 6*r**2 - 8*r + 13. Give a(7).
6
Let w(x) = -x**3 + 6*x**2 + 2*x + 104. Give w(8).
-8
Let w(f) = -f**3 - 5*f**2 + 15*f + 7. Calculate w(-7).
0
Let i(p) = -p**2 - 11*p + 2. Calculate i(-12).
-10
Let h(r) = -62*r - 301. Give h(-5).
9
Let y(o) = 18*o - 15. Determine y(7).
111
Let s(y) = 112*y - 778. What is s(7)?
6
Let i(v) = 14*v**2 + v - 1. Determine i(1).
14
Let i(z) = 2*z**2 - 16*z + 15. What is i(10)?
55
Let x(q) = -q**2 + 12*q - 5. Determine x(13).
-18
Let n(v) = v**3 + 29*v**2 + 2*v + 55. What is n(-29)?
-3
Let g(m) = -2*m - 5. What is g(3)?
-11
Let d(u) = u**3 - 8*u**2 - 9*u - 7. What is d(9)?
-7
Let n(p) = p**3 - 7*p**2 - 17*p. Calculate n(9).
9
Let k(l) = -5*l. Calculate k(-5).
25
Let n(x) = x**2 + 32*x + 251. Determine n(-19).
4
Let l(j) = 11*j - 59. Determine l(6).
7
Let a(s) = -s**2 + 5*s + 7. What is a(5)?
7
Let h(w) = -3*w**2 - 7*w - 4. What is h(-4)?
-24
Let z(r) = r**2 - 20*r - 124. What is z(25)?
1
Let f(p) = -p**3 - 18*p**2 - 3*p - 45. Give f(-18).
9
Let v(g) = 5*g + 60. Calculate v(-13).
-5
Let j(n) = n**3 + 13*n**2 - 21*n - 37. Give j(-15).
-172
Let o(x) = -x